{"id":87,"date":"2025-01-16T07:54:42","date_gmt":"2025-01-16T07:54:42","guid":{"rendered":"https:\/\/doctoral-course-SSH.ffzg.unizg.hr\/?page_id=87"},"modified":"2025-02-06T20:19:32","modified_gmt":"2025-02-06T20:19:32","slug":"homepage","status":"publish","type":"page","link":"https:\/\/doctoral-course-SSH.ffzg.unizg.hr\/","title":{"rendered":"Doctoral Course"},"content":{"rendered":"\n<h1 class=\"wp-block-heading has-text-align-center\">Sexuality and Sexual Health in the 21st Century<\/h1>\n\n\n\n<div class=\"wp-block-group\"><div class=\"wp-block-group__inner-container is-layout-constrained wp-block-group-is-layout-constrained\">\n<div class=\"wp-block-cover is-light has-custom-content-position is-position-top-center\"><span aria-hidden=\"true\" class=\"wp-block-cover__background has-background-dim\" style=\"background-color:#8b847b\"><\/span><img loading=\"lazy\" decoding=\"async\" width=\"2560\" height=\"851\" class=\"wp-block-cover__image-background wp-image-118\" alt=\"\" src=\"https:\/\/doctoral-course-SSH.ffzg.unizg.hr\/wp-content\/uploads\/2025\/01\/IUC-group-photo-2024-2-scaled.jpg\" data-object-fit=\"cover\" srcset=\"https:\/\/doctoral-course-SSH.ffzg.unizg.hr\/wp-content\/uploads\/2025\/01\/IUC-group-photo-2024-2-scaled.jpg 2560w, https:\/\/doctoral-course-SSH.ffzg.unizg.hr\/wp-content\/uploads\/2025\/01\/IUC-group-photo-2024-2-300x100.jpg 300w, https:\/\/doctoral-course-SSH.ffzg.unizg.hr\/wp-content\/uploads\/2025\/01\/IUC-group-photo-2024-2-1024x340.jpg 1024w, https:\/\/doctoral-course-SSH.ffzg.unizg.hr\/wp-content\/uploads\/2025\/01\/IUC-group-photo-2024-2-768x255.jpg 768w, https:\/\/doctoral-course-SSH.ffzg.unizg.hr\/wp-content\/uploads\/2025\/01\/IUC-group-photo-2024-2-1536x510.jpg 1536w, https:\/\/doctoral-course-SSH.ffzg.unizg.hr\/wp-content\/uploads\/2025\/01\/IUC-group-photo-2024-2-2048x681.jpg 2048w, https:\/\/doctoral-course-SSH.ffzg.unizg.hr\/wp-content\/uploads\/2025\/01\/IUC-group-photo-2024-2-1568x521.jpg 1568w\" sizes=\"auto, (max-width: 2560px) 100vw, 2560px\" \/><div class=\"wp-block-cover__inner-container is-layout-constrained wp-block-cover-is-layout-constrained\">\n<p class=\"has-text-align-center has-large-font-size\"><mark style=\"background-color:rgba(0, 0, 0, 0)\" class=\"has-inline-color has-white-color\">Inter University Centre (IUC) Dubrovnik, Croatia<\/mark><\/p>\n<\/div><\/div>\n<\/div><\/div>\n\n\n\n<div class=\"wp-block-buttons is-layout-flex wp-block-buttons-is-layout-flex\">\n<div class=\"wp-block-button\"><a class=\"wp-block-button__link wp-element-button\">APPLY (Applications for 2025 course now closed)<\/a><\/div>\n<\/div>\n\n\n\n<p class=\"has-text-align-left\"><strong><em>26 May 2025 &#8211; 30 May 2025, Dubrovnik, Croatia<\/em><\/strong><\/p>\n\n\n\n<p>Course Venue: Inter University Centre (IUC) Dubrovnik, Don Frana Buli\u0107a 4, Dubrovnik, Croatia<\/p>\n\n\n\n<p>Receiving Institution (Host): University of Zagreb Faculty of Humanities and Social Sciences, Croatia<\/p>\n\n\n\n<p>Every student shall receive a statement of participation at the end of the course. The course is accredited with 4 ECTS.<\/p>\n\n\n\n<div class=\"wp-block-buttons is-layout-flex wp-block-buttons-is-layout-flex\">\n<div class=\"wp-block-button is-style-outline is-style-outline--1\"><a class=\"wp-block-button__link wp-element-button\" href=\"mailto:tvuckovi@ffzg.unigz.hr\">Contact for more information<\/a><\/div>\n<\/div>\n\n\n\n<p><strong>Course Description<\/strong><\/p>\n\n\n\n<p class=\"has-text-align-left\">The proposed course is aimed to assist doctoral students in the (multidisciplinary) field of sexuality research and sexual health in finalizing their dissertation work\/research and in preparing them for future research\/academic careers. Given the lack of such workshops in Europe, a group of senior scholars with different expertise in the field will work with doctoral and recent post-doctoral students, both in formal sessions (providing comments and suggestions related to students\u2019 presentations) and more informal discussions (advising on academic and other career-related topics). The group of senior scholars (conference directors) is multidisciplinary and covers both clinical and non-clinical research, qualitative, quantitative and mixed methods, and a wide range of topical approaches to human sexuality: from forensic sexology and psychophysiological laboratory assessments to large-scale surveys of sexual behaviors and interview-based explorations of social constructions of sexuality.<\/p>\n\n\n\n<p>This course focuses on offering practical advice and assistance to young researchers in the field of sexology and sexuality research in a supportive and creative atmosphere characterized by intellectual curiosity, inclusiveness, and mutual respect. All course directors have extensive experience in teaching about sex and sexuality research, and mentoring PhD students.<\/p>\n\n\n\n<p><strong>Course Directors \/ Teachers <\/strong><\/p>\n\n\n\n<p>Aleksandar \u0160tulhofer, University of Zagreb Faculty of Humanities and Social Sciences, Croatia<br>Charlotta Holmstr\u00f6m, Malm\u00f6 University, Sweden<br>Eva Elmerstig, Malm\u00f6 University, Sweden<br>Peer Briken, University Medical Center Hamburg-Eppendorf, Germany<br>Joana Carvalho, University of Aveiro, Portugal<br>Tanja Vu\u010dkovi\u0107 Juro\u0161, University of Zagreb Faculty of Humanities and Social Sciences, Croatia<\/p>\n\n\n<div class=\"is-default-size wp-block-site-logo\"><a href=\"https:\/\/doctoral-course-SSH.ffzg.unizg.hr\/\" class=\"custom-logo-link\" rel=\"home\"><img loading=\"lazy\" decoding=\"async\" width=\"512\" height=\"512\" src=\"https:\/\/doctoral-course-SSH.ffzg.unizg.hr\/wp-content\/uploads\/2025\/01\/cropped-150-FFZG-obljetnicki-logo-1.png\" class=\"custom-logo\" alt=\"SSH\" srcset=\"https:\/\/doctoral-course-SSH.ffzg.unizg.hr\/wp-content\/uploads\/2025\/01\/cropped-150-FFZG-obljetnicki-logo-1.png 512w, https:\/\/doctoral-course-SSH.ffzg.unizg.hr\/wp-content\/uploads\/2025\/01\/cropped-150-FFZG-obljetnicki-logo-1-300x300.png 300w, https:\/\/doctoral-course-SSH.ffzg.unizg.hr\/wp-content\/uploads\/2025\/01\/cropped-150-FFZG-obljetnicki-logo-1-150x150.png 150w, https:\/\/doctoral-course-SSH.ffzg.unizg.hr\/wp-content\/uploads\/2025\/01\/cropped-150-FFZG-obljetnicki-logo-1-270x270.png 270w, https:\/\/doctoral-course-SSH.ffzg.unizg.hr\/wp-content\/uploads\/2025\/01\/cropped-150-FFZG-obljetnicki-logo-1-192x192.png 192w, https:\/\/doctoral-course-SSH.ffzg.unizg.hr\/wp-content\/uploads\/2025\/01\/cropped-150-FFZG-obljetnicki-logo-1-180x180.png 180w, https:\/\/doctoral-course-SSH.ffzg.unizg.hr\/wp-content\/uploads\/2025\/01\/cropped-150-FFZG-obljetnicki-logo-1-32x32.png 32w\" sizes=\"auto, (max-width: 34.9rem) calc(100vw - 2rem), (max-width: 53rem) calc(8 * (100vw \/ 12)), (min-width: 53rem) calc(6 * (100vw \/ 12)), 100vw\" \/><\/a><\/div>\n\n\n<p><\/p>\n","protected":false},"excerpt":{"rendered":"<p>Sexuality and Sexual Health in the 21st Century 26 May 2025 &#8211; 30 May 2025, Dubrovnik, Croatia Course Venue: Inter University Centre (IUC) Dubrovnik, Don Frana Buli\u0107a 4, Dubrovnik, Croatia Receiving Institution (Host): University of Zagreb Faculty of Humanities and Social Sciences, Croatia Every student shall receive a statement of participation at the end of &hellip; <\/p>\n<p class=\"link-more\"><a href=\"https:\/\/doctoral-course-SSH.ffzg.unizg.hr\/\" class=\"more-link\">Continue reading<span class=\"screen-reader-text\"> &#8220;Doctoral Course&#8221;<\/span><\/a><\/p>\n","protected":false},"author":1,"featured_media":0,"parent":0,"menu_order":0,"comment_status":"closed","ping_status":"closed","template":"","meta":{"footnotes":""},"class_list":["post-87","page","type-page","status-publish","hentry","entry"],"_links":{"self":[{"href":"https:\/\/doctoral-course-SSH.ffzg.unizg.hr\/index.php?rest_route=\/wp\/v2\/pages\/87","targetHints":{"allow":["GET"]}}],"collection":[{"href":"https:\/\/doctoral-course-SSH.ffzg.unizg.hr\/index.php?rest_route=\/wp\/v2\/pages"}],"about":[{"href":"https:\/\/doctoral-course-SSH.ffzg.unizg.hr\/index.php?rest_route=\/wp\/v2\/types\/page"}],"author":[{"embeddable":true,"href":"https:\/\/doctoral-course-SSH.ffzg.unizg.hr\/index.php?rest_route=\/wp\/v2\/users\/1"}],"replies":[{"embeddable":true,"href":"https:\/\/doctoral-course-SSH.ffzg.unizg.hr\/index.php?rest_route=%2Fwp%2Fv2%2Fcomments&post=87"}],"version-history":[{"count":16,"href":"https:\/\/doctoral-course-SSH.ffzg.unizg.hr\/index.php?rest_route=\/wp\/v2\/pages\/87\/revisions"}],"predecessor-version":[{"id":227,"href":"https:\/\/doctoral-course-SSH.ffzg.unizg.hr\/index.php?rest_route=\/wp\/v2\/pages\/87\/revisions\/227"}],"wp:attachment":[{"href":"https:\/\/doctoral-course-SSH.ffzg.unizg.hr\/index.php?rest_route=%2Fwp%2Fv2%2Fmedia&parent=87"}],"curies":[{"name":"wp","href":"https:\/\/api.w.org\/{rel}","templated":true}]}}